 - 12*l - 26. Let s be j(-6). What is the highest common divisor of s and d?
10
Let g be (8/(-12) - 8/(-3)) + -2. Suppose -p + 4*p - 378 = g. Suppose -10*w = -17*w + p. Calculate the highest common divisor of 24 and w.
6
Let z = 46 + -41. Let j(p) = -p**3 - p + 17. Let s be j(z). Let c = s + 128. What is the greatest common divisor of 10 and c?
5
Let u = -21961 - -29463. Calculate the greatest common divisor of u and 66.
22
Let h be 122304/390 + 2/5. What is the highest common divisor of 3611 and h?
157
Let u(j) = j**2 - 51*j + 719. Let r be u(26). Calculate the greatest common factor of r and 299.
23
Let p = -34 + 52. Suppose 5*j - p = -2*w, j - 4*j + 2 = -w. Suppose j*f + 19 - 121 = 4*s, -f + 63 = -5*s. What is the greatest common factor of f and 43?
43
Suppose 1822*t - 1819*t = 102. Let p = 265 + -112. Calculate the greatest common factor of t and p.
17
Let z(a) = a**2 + 5*a - 482. Let g be z(20). What is the greatest common factor of 726 and g?
6
Let c = 3 + 9. Let n = 110 + -108. Suppose 3*o = n*x - 12, -5*x + 2*o = -x - 24. Calculate the greatest common divisor of c and x.
6
Suppose -26347 = -4*a - 5*d, -48*a - 26350 = -52*a - 2*d. Calculate the highest common divisor of a and 27.
27
Let y = -24 - -27. Suppose 4*n - 4*b - 84 = 0, -y*b - 86 = -4*n - b. Let o = 20 + n. What is the highest common factor of o and 63?
21
Let b be (-6576)/216 + (-8)/(-18). Let q(l) = -4*l - 112. Let a be q(b). What is the highest common factor of 20 and a?
4
Suppose -10*h - 3*f - 2133 = -11*h, 0 = -4*f - 16. What is the greatest common divisor of 42 and h?
21
Let n = 117 - 111. Let s be n/4*60/9*-1. Let j be (-8)/s*(8 + 22). Calculate the highest common divisor of j and 72.
24
Suppose -2*s + 3*m + 5271 = 0, 165*s + 13215 = 170*s + 5*m. What is the highest common factor of 60 and s?
60
Let w = -227 + 386. Let f = w - -945. Let o = f + -521. What is the greatest common factor of 53 and o?
53
Suppose -38 = -2*c - 4. Suppose 3*g - c - 20 = -4*q, 4*q - 42 = -2*g. What is the greatest common factor of 65 and q?
13
Let b = -67 - -68. Let i be (-43)/(-2) + b/2. Let x(l) = 6*l**2 - 11*l + 4. Let c be x(6). What is the greatest common divisor of i and c?
22
Let g(l) be the second derivative of 0 + 1/6*l**3 - 16*l + 49/2*l**2. Let s be g(-20). Calculate the greatest common divisor of 116 and s.
29
Suppose g - 4*q - 116 = 0, -124*g + 3*q - 695 = -129*g. What is the highest common factor of g and 16456?
136
Suppose -8*t = -4*t. Suppose -4*d + 8 + t = 0. Suppose -d*b = 38 - 128. What is the greatest common divisor of b and 5?
5
Let v be 325600/(-2000)*((-1 - 4) + 0). Calculate the greatest common factor of 22 and v.
22
Let d(o) = o**3 - 92*o**2 + 18*o - 1219. Let b be d(92). What is the highest common factor of 171 and b?
19
Suppose -4*c = -5*f - c + 5585, 0 = 2*c + 10. Suppose -14*t + f - 428 = 0. What is the highest common factor of 98 and t?
49
Suppose -5*o - 5*i + 105 = 0, -2*o + 18 = i - 5*i. Suppose -2*c + o = -39. What is the greatest common divisor of c and 42?
14
Let n = 37 - 25. Let p(k) = k**3 - 9*k**2 - 26*k + 133. Let y be p(n). What is the highest common divisor of 11 and y?
11
Suppose 5*b - 102 - 63 = 0. Suppose -5*h = 26 + 1669. Let k = 471 + h. Calculate the highest common divisor of k and b.
33
Let d be -5 - (-57)/9 - (-4)/(-12). Let g be (-7)/(-28)*12 + d + 1. Calculate the greatest common factor of 15 and g.
5
Let b be 391488/48 + (1/1 - 3 - -9). Calculate the highest common divisor of 18 and b.
9
Let k = -1027 - -1039. What is the highest common factor of k and 48?
12
Suppose 0 = -0*s - 4*s - 24. Let w be (-4)/s + 52/3. Let m be 30 - 75/(-125)*-40. Calculate the greatest common factor of m and w.
6
Let d be 98/28 + 6/4. Let g = 4 - -51. Calculate the highest common divisor of d and g.
5
Let o = 263 - 575. Let g = o - -320. What is the highest common divisor of g and 3?
1
Let i = 34 + -20. Let s be 3*(i/6 + 2). Suppose -13 = -2*h + 13. Calculate the highest common factor of h and s.
13
Let l be (-4)/22 - (4496/(-44) + -3). Let s be ((-28)/(-42))/(1/l). What is the greatest common divisor of 28 and s?
14
Let y = -1171 - -1193. What is the greatest common divisor of 2882 and y?
22
Suppose 2*s = 86 - 4. Let o = s - 43. Let p be 9/o*(-12)/9. What is the highest common divisor of 3 and p?
3
Suppose 459*s = 457*s + 4. Suppose -5*z + 254 = 2*g, -s*z = -4*g - 33 - 59. What is the greatest common divisor of z and 350?
50
Suppose -61*d + 57*d - 840 = 0. Let w = -150 - d. Suppose 12*x = 2*x + w. What is the highest common factor of x and 15?
3
Suppose 0*g + 5*g = 15. Suppose 3*a + 1 = -3*z + 97, -4*z + 88 = -4*a. What is the highest common factor of z and g?
3
Let n = -6887 - -6978. Calculate the greatest common divisor of 11648 and n.
91
Suppose -43*m = 1529 - 5012. What is the highest common factor of 16929 and m?
81
Let d = -331716 - -331784. Let j(s) = -60*s - 2. Let i be j(-4). Calculate the greatest common divisor of d and i.
34
Let t be (0 - -1) + 168/(-18)*-18. Suppose t = 4*q - 567. Suppose 0 = -h + 4*k + k + 43, -5*h - 5*k + 95 = 0. Calculate the highest common factor of q and h.
23
Let l(o) = -o**2 + 63*o - 643. Let r be l(13). Calculate the greatest common factor of r and 329.
7
Let n(s) = s**3 - 10*s**2 + 4*s - 5. Let i = 18 + 113. Suppose -2*g - 111 = -i. Let l be n(g). What is the highest common factor of 14 and l?
7
Suppose 1217*o - 225*o - 58528 = 0. Let p be 1/1 - 36*-18. What is the greatest common divisor of p and o?
59
Let s be 2/3 - (-892)/12. Let z(o) = 602*o - 8970. Let v be z(15). What is the highest common divisor of v and s?
15
Suppose 28 = y + 3*o + 541, -2*o - 2578 = 5*y. Let g = 840 + y. What is the greatest common divisor of 24 and g?
12
Suppose -2*d + d = -2*d. Suppose d = -58*f + 60*f - 42. What is the greatest common factor of 21 and f?
21
Let s(x) = 566*x**2 - 672*x + 2705. Let i be s(4). What is the highest common divisor of i and 43?
43
Suppose 0*c = 5*c - 640. Calculate the highest common divisor of c and 1824.
32
Let p(u) = -344*u - 963. Let y be p(-3). What is the highest common factor of 16974 and y?
69
Let n(d) = -15*d**2 - 59*d + 27. Let r be n(-3). What is the greatest common factor of r and 2208?
69
Suppose 0 = -3*f + f + 3*i - 20, 4*i - 4 = -3*f. Let v be (4 - (7 + f))*7. Let w be v - (3 + -6 + 4). Calculate the greatest common factor of 24 and w.
6
Let h = 5 - -17. Let j(k) = k**3 - 30*k**2 - 94*k + 964. Let p be j(32). Calculate the greatest common divisor of p and h.
2
Let n = -6 + 22. Let m = -150 + 152. Suppose -2*z - k + 45 = 0, -2*z + m*k + 30 = -z. Calculate the greatest common factor of z and n.
8
Let i(h) = -242*h**2 - 7023*h - 54. Let x be i(-29). Let v be 9*13 + (1 - 1). Calculate the greatest common factor of v and x.
13
Suppose 3*n = -5*w + 595, n - 199 = -2*w - 2. Suppose 2*c + 4*d = 414, 0*c - d = c - n. What is the highest common factor of c and 7?
7
Let x(b) = -3*b**2 + 38*b - 24. Let v be x(12). Suppose 22*h - 14733 - 7861 = v. What is the greatest common factor of 13 and h?
13
Suppose -4*x = 5*y - 710, 0 = -3*y + y - 5*x + 301. Suppose 10*g = 13*g + 48. Let i be (3 - g) + 4*1. Calculate the greatest common divisor of i and y.
23
Let w be (0 + -17)/((-7)/112). Let z(i) = -3*i**3 + i**2 - 7*i - 26. Let p be z(-2). What is the highest common factor of w and p?
16
Suppose 6*s + 27 = 3*s. Let l(b) = 13*b**2 + b + 21. Let p be l(s). Let z = -614 + p. Calculate the highest common factor of z and 41.
41
Suppose -130 = 5*z - 18*z. Suppose 4*n + 38 = 5*o, 0 = 3*o - 2*n - 12 - z. Calculate the greatest common divisor of o and 48.
6
Suppose -58*z + 47*z + 440 = 0. What is the greatest common factor of z and 29120?
40
Let p = -15739 + 16091. Calculate the greatest common factor of p and 14256.
176
Suppose 3*q - q - 35 = -3*i, -q = i - 19. Let h = q - 0. Suppose 0 = r + 2 - h. What is the highest common divisor of 160 and r?
20
Let a be ((-33)/21 + 1)/((-6)/21). Suppose 55 = -4*i - 4*n + 159, -a*n = -4*i + 134. What is the highest common factor of i and 62?
31
Let f(x) = 2*x**3 - 36*x**2 - 31*x + 1162. Let u be f(20). Calculate the highest common divisor of 84 and u.
42
Let d = 27659 - 27601. Let p(m) = -m**3 - 4*m**2 + 5*m + 1. Let g be p(-5). Let l be 289 + ((-6)/(-3) - g). Calculate the greatest common fac